 the greatest common divisor of 832 and 104.
104
What is the highest common factor of 38 and 2147?
19
What is the greatest common factor of 5726 and 4499?
409
Calculate the greatest common divisor of 13493 and 309.
103
Calculate the greatest common divisor of 1503 and 9.
9
Calculate the greatest common factor of 330 and 15.
15
What is the highest common divisor of 1269 and 18?
9
Calculate the highest common divisor of 38 and 855.
19
What is the greatest common divisor of 24 and 328?
8
What is the greatest common factor of 192 and 6?
6
What is the highest common divisor of 105 and 63?
21
Calculate the greatest common factor of 18 and 10026.
18
Calculate the highest common factor of 366 and 45750.
366
Calculate the highest common divisor of 19 and 133.
19
Calculate the greatest common divisor of 14 and 7.
7
Calculate the highest common divisor of 6742 and 2.
2
What is the highest common divisor of 5 and 35?
5
Calculate the greatest common divisor of 801 and 5073.
267
What is the highest common factor of 120 and 220?
20
What is the highest common factor of 10106 and 1630?
326
Calculate the highest common divisor of 250 and 10.
10
What is the highest common divisor of 255 and 75?
15
Calculate the greatest common divisor of 19 and 5909.
19
Calculate the highest common factor of 288 and 216.
72
Calculate the highest common factor of 30 and 294.
6
Calculate the highest common factor of 2547 and 8207.
283
What is the greatest common factor of 714 and 147?
21
Calculate the greatest common divisor of 92 and 7636.
92
Calculate the greatest common factor of 765 and 15.
15
What is the highest common factor of 346 and 5?
1
What is the greatest common divisor of 5 and 5045?
5
Calculate the highest common divisor of 40 and 1625.
5
Calculate the highest common factor of 2108 and 476.
68
Calculate the greatest common factor of 6157 and 262.
131
Calculate the greatest common factor of 15600 and 208.
208
What is the highest common divisor of 10 and 606?
2
Calculate the highest common factor of 5037 and 657.
219
Calculate the greatest common factor of 3996 and 108.
108
Calculate the greatest common factor of 368 and 88.
8
Calculate the highest common divisor of 1102 and 38.
38
What is the highest common divisor of 2 and 50?
2
Calculate the highest common factor of 2401 and 637.
49
Calculate the highest common divisor of 23 and 621.
23
Calculate the greatest common factor of 76 and 1387.
19
What is the highest common divisor of 26 and 15288?
26
Calculate the highest common factor of 11 and 1507.
11
What is the highest common divisor of 4 and 396?
4
Calculate the highest common factor of 39 and 208.
13
What is the greatest common divisor of 168 and 105?
21
What is the greatest common divisor of 190 and 10?
10
What is the greatest common factor of 119 and 3213?
119
Calculate the greatest common factor of 8 and 2072.
8
What is the highest common factor of 14 and 175?
7
What is the greatest common factor of 76 and 608?
76
What is the greatest common divisor of 100 and 40?
20
Calculate the highest common factor of 50 and 10.
10
Calculate the highest common factor of 525 and 21.
21
What is the highest common divisor of 2032 and 16?
16
Calculate the greatest common divisor of 4 and 812.
4
What is the highest common divisor of 1690 and 598?
26
Calculate the greatest common factor of 448 and 12.
4
What is the greatest common factor of 174 and 783?
87
What is the greatest common factor of 21 and 1428?
21
Calculate the greatest common factor of 256 and 1.
1
Calculate the greatest common divisor of 810 and 90.
90
Calculate the highest common factor of 108 and 1188.
108
What is the greatest common factor of 162 and 18?
18
Calculate the greatest common divisor of 70 and 868.
14
What is the greatest common divisor of 18 and 774?
18
What is the highest common divisor of 60 and 20?
20
What is the greatest common factor of 705 and 30?
15
Calculate the greatest common divisor of 205 and 82.
41
Calculate the highest common divisor of 480 and 2784.
96
What is the greatest common factor of 66 and 1672?
22
Calculate the greatest common divisor of 130 and 2080.
130
What is the greatest common divisor of 1070 and 30?
10
What is the greatest common divisor of 55 and 3080?
55
Calculate the greatest common divisor of 11 and 1584.
11
Calculate the greatest common factor of 81 and 36.
9
Calculate the highest common factor of 88 and 352.
88
What is the greatest common divisor of 25 and 400?
25
What is the highest common factor of 19 and 133?
19
Calculate the greatest common divisor of 975 and 78.
39
What is the highest common factor of 1785 and 425?
85
What is the greatest common divisor of 294 and 28?
14
What is the highest common factor of 225 and 1650?
75
Calculate the highest common divisor of 200 and 40.
40
Calculate the highest common factor of 185 and 5735.
185
What is the greatest common divisor of 399 and 2736?
57
What is the highest common factor of 3521 and 7?
7
What is the highest common factor of 45 and 80?
5
What is the greatest common divisor of 486 and 6?
6
What is the highest common divisor of 136 and 2550?
34
Calculate the highest common factor of 136 and 1088.
136
What is the highest common factor of 120 and 48?
24
Calculate the greatest common divisor of 420 and 168.
84
What is the highest common divisor of 16 and 24?
8
Calculate the highest common divisor of 7 and 1218.
7
Calculate the highest common factor of 80 and 1160.
40
Calculate the highest common divisor of 14 and 259.
7
What is the highest common factor of 154 and 847?
77
Calculate the greatest common factor of 3337 and 47.
47
Calculate the highest common factor of 378 and 105.
21
Calculate the greatest common divisor of 10 and 2290.
10
Calculate the greatest common factor of 17 and 11.
1
Calculate the greatest common factor of 4872 and 261.
87
Calculate the greatest common divisor of 96 and 156.
12
What is the greatest common divisor of 10521 and 63?
63
Calculate the highest common factor of 972 and 99.
9
Calculate the greatest common factor of 162 and 36.
18
Calculate the greatest common divisor of 13 and 416.
13
What is the highest common divisor of 26 and 23621?
13
What is the greatest common factor of 119 and 34?
17
Calculate the highest common factor of 33 and 143.
11
What is the greatest common factor of 312 and 975?
39
What is the highest common factor of 67030 and 10?
10
What is the greatest common divisor of 517 and 329?
47
Calculate the highest common factor of 294 and 66.
6
Calculate the highest common divisor of 3550 and 71.
71
What is the highest common divisor of 68 and 6596?
68
What is the greatest common divisor of 2320 and 232?
232
Calculate the highest common divisor of 1818 and 36.
18
What is the highest common divisor of 1311 and 69?
69
What is the greatest common divisor of 134 and 2?
2
Calculate the greatest common divisor of 14 and 14.
14
What is the greatest common divisor of 30 and 33?
3
Calculate the greatest common divisor of 391 and 23.
23
Calculate the highest common factor of 59 and 11269.
59
What is the greatest common divisor of 10 and 4?
2
Calculate the greatest common divisor of 1836 and 72.
36
What is the greatest common divisor of 294 and 2856?
42
Calculate the highest common factor of 60 and 28596.
12
Calculate the highest common factor of 352 and 32.
32
Calculate the greatest common factor of 5211 and 54.
27
What is the greatest common divisor of 1645 and 3055?
235
What is the highest common factor of 28 and 1134?
14
Calculate the highest common divisor of 1420 and 100.
20
Calculate the highest common divisor of 17 and 459.
17
What is the highest common divisor of 440 and 110?
110
Calculate the greatest common factor of 184 and 58328.
184
Calculate the greatest common divisor of 2 and 29.
1
What is the greatest common divisor of 2 and 32?
2
Calculate the highest common factor of 2898 and 1638.
126
Calculate the greatest common divisor of 325 and 26.
13
Calculate the greatest common factor of 84 and 651.
21
Calculate the highest common factor of 9 and 72.
9
Calculate the greatest common divisor of 42 and 14.
14
What is the highest common factor of 336 and 1728?
48
What is the greatest common divisor of 60 and 1140?
60
Calculate the highest common divisor of 365 and 5.
5
Cal